{"id":1650,"date":"2021-01-27T12:09:46","date_gmt":"2021-01-27T12:09:46","guid":{"rendered":"https:\/\/clasicasmontesa.org\/?page_id=1650"},"modified":"2021-02-10T15:44:23","modified_gmt":"2021-02-10T15:44:23","slug":"bonificacion-impuesto-co2","status":"publish","type":"page","link":"https:\/\/clasicasmontesa.org\/index.php\/bonificacion-impuesto-co2\/","title":{"rendered":"Bonificaci\u00f3n Impuesto CO2 (Solo Catalunya)"},"content":{"rendered":"<p>El impueso de CO2 de la Generalitat de Catalu\u00f1a tiene como objetivo gravar las emisiones de di\u00f3xido de carbono que producen los veh\u00edculos de tracci\u00f3n mec\u00e1nica y que inciden en el incremento de las emisiones de gases de efecto invernadero. Los veh\u00edculos que superen el l\u00edmite de emisiones de CO2 de 95 gr\/km estar\u00e1n obligados a pagar un nuevo impuesto en base a esta tabla:<\/p>\n<p>En el caso de las motocicletas, se empezar\u00e1 a aplicar en 2020, un a\u00f1o despu\u00e9s:<\/p>\n<p>&#8211; Hasta 75 gr\/km: exento<\/p>\n<p>&#8211; M\u00e1s de 75 gr\/km y hasta 100 gr\/km: 0,70 \u20ac\/gr CO2\/km<\/p>\n<p>&#8211; M\u00e1s de 100 gr\/km y hasta 120 gr\/km: 0,85 \u20ac\/gr CO2\/km<\/p>\n<p>&#8211; M\u00e1s de 120 gr\/km y hasta 140 gr\/km: 1,00 \u20ac\/gr CO2\/km<\/p>\n<p>&#8211; M\u00e1s de 140 gr\/km: 1,20 \u20ac\/gr CO2\/km<\/p>\n<p>Para poder beneficiarte de la bonificaci\u00f3n del Impuesto del CO2 de la Generalitat de Catalunya hay que seguir los siguientes pasos:<\/p>\n<ol>\n<li>Ser Socio de l&#8217;Associaci\u00f3 de Motos Cl\u00e0ssiques Montesa i estar al dia de la cuota anual.<\/li>\n<li>Enviar un mail a <a style=\"font-size: 1rem;\" href=\"mailto:socios@clasicasmontesa.org\">socios@clasicasmontesa.org<\/a><span style=\"font-size: 1rem;\"> indicando en el asunto \u00abBonificacion CO2 Numero de Socio x\u00bb (donde x es tu numero de socio) y a\u00f1adiendo la siguiente\u00a0 documentaci\u00f3n<\/span><\/li>\n<\/ol>\n<p>Foto delantera y trasera del DNI<br \/>\nFoto de la ficha t\u00e9cnica de la moto<br \/>\nFoto del permiso de circulaci\u00f3n<br \/>\nFotograf\u00edas:<\/p>\n<ol>\n<li style=\"list-style-type: none;\">\n<ol>\n<li style=\"list-style-type: none;\">\n<ol>\n<li style=\"list-style-type: none;\">\n<ol>\n<li>Delantera<\/li>\n<li>Trasera y que se vea la matricula<\/li>\n<li>Trasera \/ Lateral derecha (que se vea la matricula)<\/li>\n<li>Lateral izquierdo<\/li>\n<li>Foto del motor<\/li>\n<li>foto cenital, que se vea sillin, deposito y manillar*Las fotos, deben ser en horizontal, no en vertical.<\/li>\n<\/ol>\n<\/li>\n<\/ol>\n<\/li>\n<\/ol>\n<\/li>\n<\/ol>\n<p>3. Realizar un pago de 30 euros por certificado emitido, derivados de la gesti\u00f3n que hay que realizar. Una vez validemos toda la documentaci\u00f3n, se indicar el numero de cuenta o Bizum para realizar el pago. Esta bonificaci\u00f3n tiene una duraci\u00f3n de 10 a\u00f1os.<\/p>","protected":false},"excerpt":{"rendered":"<p>El impueso de CO2 de la Generalitat de Catalu\u00f1a tiene como objetivo gravar las emisiones de di\u00f3xido de carbono que producen los veh\u00edculos de tracci\u00f3n mec\u00e1nica y que inciden en el incremento de las emisiones de gases de efecto invernadero. Los veh\u00edculos que superen el l\u00edmite de emisiones de CO2 de 95 gr\/km estar\u00e1n obligados &hellip; <\/p>\n<p class=\"link-more\"><a href=\"https:\/\/clasicasmontesa.org\/index.php\/bonificacion-impuesto-co2\/\" class=\"more-link\">Continuar leyendo<span class=\"screen-reader-text\"> \u00abBonificaci\u00f3n Impuesto CO2 (Solo Catalunya)\u00bb<\/span><\/a><\/p>\n","protected":false},"author":1,"featured_media":0,"parent":0,"menu_order":0,"comment_status":"closed","ping_status":"closed","template":"","meta":{"_monsterinsights_skip_tracking":false,"_monsterinsights_sitenote_active":false,"_monsterinsights_sitenote_note":"","_monsterinsights_sitenote_category":0,"footnotes":""},"class_list":["post-1650","page","type-page","status-publish","hentry"],"_links":{"self":[{"href":"https:\/\/clasicasmontesa.org\/index.php\/wp-json\/wp\/v2\/pages\/1650","targetHints":{"allow":["GET"]}}],"collection":[{"href":"https:\/\/clasicasmontesa.org\/index.php\/wp-json\/wp\/v2\/pages"}],"about":[{"href":"https:\/\/clasicasmontesa.org\/index.php\/wp-json\/wp\/v2\/types\/page"}],"author":[{"embeddable":true,"href":"https:\/\/clasicasmontesa.org\/index.php\/wp-json\/wp\/v2\/users\/1"}],"replies":[{"embeddable":true,"href":"https:\/\/clasicasmontesa.org\/index.php\/wp-json\/wp\/v2\/comments?post=1650"}],"version-history":[{"count":4,"href":"https:\/\/clasicasmontesa.org\/index.php\/wp-json\/wp\/v2\/pages\/1650\/revisions"}],"predecessor-version":[{"id":1660,"href":"https:\/\/clasicasmontesa.org\/index.php\/wp-json\/wp\/v2\/pages\/1650\/revisions\/1660"}],"wp:attachment":[{"href":"https:\/\/clasicasmontesa.org\/index.php\/wp-json\/wp\/v2\/media?parent=1650"}],"curies":[{"name":"wp","href":"https:\/\/api.w.org\/{rel}","templated":true}]}}